Calculate the remainder when 18 is divided by (l - -3)/(2/7).
4
Let x = -168 + 256. Suppose 55 = 5*h - 3*y - 29, -x = -5*h + y. What is the remainder when 1 + (2*26 - 0) is divided by h?
17
Suppose 0 = 5*r - 27 + 7. Let v = 5 - r. Let h = 3 - v. What is the remainder when h is divided by 2?
0
Suppose -8 = 2*r - 3*r. Suppose n - 17 - 5 = 0. Calculate the remainder when n is divided by r.
6
Suppose -2*f = 4*f - 24. Calculate the remainder when 14 is divided by f.
2
Suppose 0 = -4*o + 4*c - 15 + 83, -3*o + 41 = -c. Calculate the remainder when o is divided by 4.
0
Suppose 3*t + 9 = 0, r - 4*t - 32 = -4*r. Suppose -3*a + 21 = r*l, -4*l - 70 = -9*l + 5*a. Calculate the remainder when 14 is divided by l.
5
Let d(g) = g + 39. Let c(u) = u**3 + 8*u**2 + u + 8. Let l be c(-8). What is the remainder when d(l) is divided by 10?
9
Suppose 19 = 2*o + 287. Let x = o - -77. Calculate the remainder when 35 is divided by 9/15 + x/(-5).
11
Let g(h) = 2*h - 2. Calculate the remainder when 13 is divided by g(2).
1
Suppose -39 + 3 = -4*t. Let c = -9 + 7. Let x(r) = -3*r**3 - r**2 + r - 1. Calculate the remainder when x(c) is divided by t.
8
Let z(r) = -r**3 + 3*r**2 + 5*r - 2. Let t be z(4). Suppose 90 - 36 = t*y. What is the remainder when y is divided by 7?
6
Suppose l = 5*h + 3 + 7, -3*l - 3*h + 30 = 0. What is the remainder when 19 is divided by l?
9
Let q(u) = -u - 6. Calculate the remainder when q(-16) is divided by 4.
2
Let k(h) = h**2 + 3*h - 16. Let o(a) = -a**3 + 7*a**2 + 2*a - 3. Calculate the remainder when o(6) is divided by k(-8).
21
Suppose -9*n = -4*n - 140. What is the remainder when n is divided by 10?
8
Let v = 111 + -75. Suppose -2*o = o - v. What is the remainder when (1 - -1) + (-2 - -35) is divided by o?
11
Suppose 4*x = -4, -3*q + 3*x - 14 = -164. What is the remainder when q is divided by 13?
10
Suppose -g - 5 = -3*h, -4*h + 5*g - 5 = h. Suppose -4 - 8 = -3*x. What is the remainder when x is divided by h?
1
Let j(d) = -d**2 - 5*d. Let h be j(-6). Let v = 26 + -10. Calculate the remainder when v is divided by h/(-5)*105/14.
7
Let q = 32 + -19. Calculate the remainder when 49 is divided by q.
10
Suppose 4*d + p - 23 + 8 = 0, d = 4*p - 9. Let b be d/(-2)*(-4)/6. What is the remainder when 40 is divided by b/3 - (-82)/6?
12
Let x(v) = 44*v**3 - 1. Suppose 0 = -16*y + 15*y + 1. Calculate the remainder when x(y) is divided by 11.
10
Let p be (-4)/(-1 + 2) - 1. Calculate the remainder when (3 - p) + 2/1 is divided by 4/(-6) - 42/(-9).
2
Suppose -4*p + 7*p + 3*f = 6, f = 4*p - 3. What is the remainder when (1*-2 + -32)/(-2) is divided by p/2*(20 + -2)?
8
Let b = 29 + -18. What is the remainder when 30 is divided by b?
8
Suppose 3*b - 12 = 0, 0 = 4*j - 5*j + 2*b + 2. What is the remainder when 9/(-108) - (-868)/48 is divided by j?
8
Let y = -33 - -43. Calculate the remainder when 58 is divided by y.
8
Suppose 0 = -5*y + 5*d + 50, -y - 1 = -4*d + 1. What is the remainder when 137 is divided by y?
11
Let w = -10 - -12. Suppose i = 6 + w. What is the remainder when 14 is divided by i?
6
Let j(b) = -b. Let p be j(6). Let f = p + 1. Let z(y) = -7*y - 3. What is the remainder when z(f) is divided by 11?
10
Let n = 0 + -2. Let d = -17 - -27. What is the remainder when 17 - (0 + n) - 0 is divided by d?
9
What is the remainder when 57 is divided by (-2)/(-3) + (-14)/(-6) + 1?
1
Suppose -5*f - w = -241, -7 = 3*w - 10. Calculate the remainder when 94 is divided by f.
46
Let g = -2 - -10. Let b be 2 + -1 + 1 - -2. Calculate the remainder when 31 is divided by (-2)/g + 45/b.
9
Let s be ((-4)/3)/(2/(-3)). Suppose 35 = 2*z + 3*z - 3*p, -30 = -4*z + s*p. Let u = 23 + 5. What is the remainder when u is divided by z?
8
Suppose 0 = o + 4*o - 60. Let r(u) = -5*u - 34. Calculate the remainder when r(-16) is divided by o.
10
Let i be (-4)/10*(-2 - 3). Let u(x) = 15*x + 2. Let y(s) = s**2 - 5. What is the remainder when u(i) is divided by y(-4)?
10
Let z = -3 - -3. Let c be z/(3 - 0) - -4. Suppose c*m = -k + 12 + 31, -m + 2 = 0. Calculate the remainder when k is divided by 12.
11
Let n(a) = a**2 - 9*a - 6. What is the remainder when 61 is divided by n(11)?
13
Suppose -2*l - 3*b - 14 = -6*b, 0 = -5*l + 4*b - 21. Let t be (l + 2)*-7*1. What is the remainder when 20 is divided by 3/(-6)*t*2?
6
Suppose m - 5 = 6. What is the remainder when m is divided by 6?
5
Let q = -20 - -33. Let r = 24 - q. What is the remainder when (3/(-2))/((-9)/126) is divided by r?
10
Let c = -10 - 2. Calculate the remainder when 3 is divided by (-78)/(-24) + 3/c.
0
Suppose 0 = 5*f - 94 - 46. What is the remainder when f is divided by 15?
13
Let f = 42 - 17. Calculate the remainder when f is divided by 14.
11
Let u be 18 - 3 - (-1 - 0). Suppose -5*a = -0*g + 2*g - 37, -u = 4*g. Calculate the remainder when 26 is divided by a.
8
Calculate the remainder when (-4)/(-18) + 1292/18 is divided by 19.
15
Let b = -46 + 53. What is the remainder when 21 is divided by b?
0
Suppose 2*s - 10*s + 568 = 0. Calculate the remainder when s is divided by 18.
17
Calculate the remainder when 4009/114 + (-1)/6 is divided by 13.
9
Suppose 0 = -b + 4, 620 = 3*v + v + 5*b. What is the remainder when v is divided by 51?
48
Let m(s) = -9*s**2 - 8 + 8*s**2 - 10*s + 0. Suppose 28 = 4*l - 2*p, 3*p + 0 = l - 12. What is the remainder when m(-6) is divided by l?
4
Suppose 3*t = -10 + 271. Calculate the remainder when t is divided by 11.
10
Suppose -5*s + 8*h + 71 = 4*h, s + 4*h - 19 = 0. Suppose 19*c = s*c + 52. What is the remainder when c is divided by 5?
3
Let m(b) = b**2 - 20*b + 22. What is the remainder when m(20) is divided by 15?
7
Let o = 2 - 4. Let h = 5 + o. Suppose 0 = p + h*p - 108. Calculate the remainder when p is divided by 14.
13
Suppose -3*f = -2*f - 50. Let l = 16 - 3. Calculate the remainder when f is divided by l.
11
Suppose -z + 0*z = -71. Calculate the remainder when z is divided by 6/(-4)*16/(-1).
23
Let k(i) be the second derivative of i**4/6 + 4*i**3/3 + 3*i. Suppose -c + 6*c - 45 = 0. What is the remainder when k(-6) is divided by c?
6
Suppose 5 = 4*m - s - 10, -4*m + 2*s + 14 = 0. Suppose -8*k = -5*n - m*k + 34, -4*n = k - 23. Let y = n - -1. Calculate the remainder when 12 is divided by y.
5
Let x(p) = 7*p**2 + 38*p - 15. What is the remainder when x(-7) is divided by (-98)/(-6) + (-1)/3?
14
Suppose 3*x + 0*h - 14 = -2*h, x + 2*h - 6 = 0. Suppose -x*l + 0*l + 64 = 0. Calculate the remainder when 47 is divided by l.
15
Suppose -2 - 10 = -4*b. Suppose 58 + 8 = b*k. Suppose -3*o + k = -o. What is the remainder when 21 is divided by o?
10
Let d(x) = -x**2 + 5*x - 6. Let i be d(-6). What is the remainder when 41 is divided by 6/(-15) - i/5?
13
Let x = 54 - 44. Calculate the remainder when x is divided by 4.
2
Suppose 51 = 3*c + 6. Let t = -8 - -52. What is the remainder when t is divided by c?
14
Let g(y) = y**2 + 7*y - 6. Let p be g(-9). Suppose -h = -5*h + p. Suppose h + 5 = d. What is the remainder when d is divided by 3?
2
Suppose 0 = 2*l - 329 - 111. Calculate the remainder when l is divided by 37.
35
Let b = -1 - -3. Suppose -b*f = -3*f + 11. What is the remainder when 21 is divided by f?
10
Suppose z - 2 + 1 = 0. Suppose 0 = -t + o - 6*o + 22, -4*t - o = -12. What is the remainder when t is divided by z?
0
Let p be (-1034)/(-10) + (-4)/10. Let f(x) = x**2 + x - 58. Let o be f(0). Let u = o + p. Calculate the remainder when u is divided by 12.
9
Let p be (-10)/(1/(-10) - 0). Suppose 4*i - p = -i. Calculate the remainder when i is divided by 6.
2
Let n = 0 + -2. Suppose 0 = 2*x + 7 + 69. What is the remainder when 2 + -2 + (n - x) is divided by 19?
17
Let d(w) = 2 - 3*w**2 + 2*w + 0 - 2*w**3 + 3*w. Suppose 0*p = -z - p - 3, 0 = 3*z - p + 9. What is the remainder when 41 is divided by d(z)?
13
Suppose -2 - 358 = -3*z. Suppose 0 = 5*h + 3*u + 2*u - z, -40 = -2*h + 2*u. Suppose -2*y = -0*y - h. What is the remainder when y is divided by 6?
5
Let s = -1 - 3. Let p be 1*(-2)/(s/6). What is the remainder when ((-38)/(3/p))/(-1) is divided by 13?
12
Suppose -2*t + 16 = -0*t - 2*g, 0 = -3*g. Suppose 2*p + 2*p + 14 = -l, -2*l = -4*p - 20. What is the remainder when t is divided by (l/3)/(4/18)?
2
Suppose 0 = 3*s + 3*q - 30, -4*q - 27 = -4*s + 5. Calculate the remainder when 42 is divided by s.
6
Suppose -